{"id":7,"date":"2016-07-19T13:15:47","date_gmt":"2016-07-19T11:15:47","guid":{"rendered":"http:\/\/badminton.ghb-hamburg.de\/?page_id=7"},"modified":"2020-03-05T20:48:45","modified_gmt":"2020-03-05T19:48:45","slug":"ueber","status":"publish","type":"page","link":"https:\/\/ghb-hamburg.de\/badminton\/","title":{"rendered":"\u00dcber uns"},"content":{"rendered":"<p><strong>Immer herein!<\/strong><\/p>\n<p class=\"western\">Mit unserer Jugend- und Erwachsenenabteilung k\u00f6nnen wir f\u00fcr Spieler jeden Alters Badminton anbieten.<\/p>\n<p class=\"western\">Badminton (sp\u00f6ttisch auch schon Federball nach Regeln genannt) ist ein Sport mit vielen kurzen, schnellen Bewegungen.&nbsp; Man muss jedoch keine besonderen k\u00f6rperlichen Voraussetzungen erf\u00fcllen, um auf seine Kosten zu kommen.<\/p>\n<p class=\"western\">Wir sind kein Verein f\u00fcr Spitzensport sondern gerade auch f\u00fcr Freizeit- und Breitensport!!! Spielerinnen und Spieler <b>jeder<\/b> Spielst\u00e4rke sind willkommen! Wir freuen uns \u00fcber jeden Anf\u00e4nger. Wir haben Mannschaftsspieler, die am Punktspielbetrieb teilnehmen wollen, ansonsten ist jede Spielst\u00e4rke vertreten; davon kann sich jeder \u00fcberzeugen.<\/p>\n<p class=\"western\">Gespielt wird bei uns mit einem leichten Schl\u00e4ger und echten (!) Federb\u00e4llen.<\/p>\n<p class=\"western\">Offizielle Disziplinen sind Herren- und Dameneinzel (viel laufen), Herren- und Damendoppel und Mixeddoppel (Dame und Herr in einem Team). Aber beim Training sind alle Spielkombinationen erlaubt.<\/p>\n<p class=\"western\">Spa\u00df und Bewegungsfreude kennt keine Altersgrenzen. Nach oben gibt es keine Grenze: Jeder, der sich bewegen und einen Schl\u00e4ger einsetzen kann, darf seiner Begeisterung freien Lauf lassen.<\/p>\n<p class=\"western\"><span style=\"font-size: large;\"><i><b>Also, jetzt gibt es wirklich kein Argument mehr, sich zu dr\u00fccken: ran an den Schl\u00e4ger!<\/b><\/i><\/span><\/p>\n\n\n<div class=\"su-spacer\" style=\"height:40px\"><\/div>\n","protected":false},"excerpt":{"rendered":"<p>Immer herein! Mit unserer Jugend- und Erwachsenenabteilung k\u00f6nnen wir f\u00fcr Spieler jeden Alters Badminton anbieten. Badminton (sp\u00f6ttisch auch schon Federball nach Regeln genannt) ist ein Sport mit vielen kurzen, schnellen Bewegungen.&nbsp; Man muss jedoch keine besonderen k\u00f6rperlichen Voraussetzungen erf\u00fcllen, um<\/p>\n","protected":false},"author":1,"featured_media":0,"parent":0,"menu_order":0,"comment_status":"closed","ping_status":"closed","template":"","meta":{"_mc_calendar":[],"footnotes":""},"class_list":["post-7","page","type-page","status-publish","hentry"],"_links":{"self":[{"href":"https:\/\/ghb-hamburg.de\/badminton\/wp-json\/wp\/v2\/pages\/7","targetHints":{"allow":["GET"]}}],"collection":[{"href":"https:\/\/ghb-hamburg.de\/badminton\/wp-json\/wp\/v2\/pages"}],"about":[{"href":"https:\/\/ghb-hamburg.de\/badminton\/wp-json\/wp\/v2\/types\/page"}],"author":[{"embeddable":true,"href":"https:\/\/ghb-hamburg.de\/badminton\/wp-json\/wp\/v2\/users\/1"}],"replies":[{"embeddable":true,"href":"https:\/\/ghb-hamburg.de\/badminton\/wp-json\/wp\/v2\/comments?post=7"}],"version-history":[{"count":7,"href":"https:\/\/ghb-hamburg.de\/badminton\/wp-json\/wp\/v2\/pages\/7\/revisions"}],"predecessor-version":[{"id":76,"href":"https:\/\/ghb-hamburg.de\/badminton\/wp-json\/wp\/v2\/pages\/7\/revisions\/76"}],"wp:attachment":[{"href":"https:\/\/ghb-hamburg.de\/badminton\/wp-json\/wp\/v2\/media?parent=7"}],"curies":[{"name":"wp","href":"https:\/\/api.w.org\/{rel}","templated":true}]}}