{"id":734,"date":"2016-09-30T22:36:38","date_gmt":"2016-09-30T20:36:38","guid":{"rendered":"http:\/\/handball.ghb-hamburg.de\/?page_id=734"},"modified":"2025-06-20T12:29:14","modified_gmt":"2025-06-20T10:29:14","slug":"me-jugend-infos","status":"publish","type":"page","link":"https:\/\/ghb-hamburg.de\/handball\/me-jugend-infos\/","title":{"rendered":"m\u00e4nnlich E &#8211; Infos"},"content":{"rendered":"<div id=\"pl-734\"  class=\"panel-layout\" ><div id=\"pg-734-0\"  class=\"panel-grid panel-no-style\" ><div id=\"pgc-734-0-0\"  class=\"panel-grid-cell\" ><div id=\"panel-734-0-0-0\" class=\"so-panel widget widget_nav_menu panel-first-child panel-last-child\" data-index=\"0\" ><div class=\"menu-me-jugend-container\"><ul id=\"menu-me-jugend\" class=\"menu\"><li id=\"menu-item-744\" class=\"menu-item menu-item-type-post_type menu-item-object-page menu-item-744\"><a href=\"https:\/\/ghb-hamburg.de\/handball\/me-jugend\/\">m\u00e4nnlich E<\/a><\/li>\n<li id=\"menu-item-746\" class=\"menu-item menu-item-type-post_type menu-item-object-page menu-item-746\"><a href=\"https:\/\/ghb-hamburg.de\/handball\/me-jugend-infos\/\">Infos<\/a><\/li>\n<li id=\"menu-item-747\" class=\"menu-item menu-item-type-post_type menu-item-object-page menu-item-747\"><a href=\"https:\/\/ghb-hamburg.de\/handball\/me-jugend-kader\/\">Kader<\/a><\/li>\n<li id=\"menu-item-748\" class=\"menu-item menu-item-type-post_type menu-item-object-page menu-item-748\"><a href=\"https:\/\/ghb-hamburg.de\/handball\/me-jugend-spielplan\/\">Spielplan<\/a><\/li>\n<li id=\"menu-item-749\" class=\"menu-item menu-item-type-post_type menu-item-object-page menu-item-749\"><a href=\"https:\/\/ghb-hamburg.de\/handball\/me-jugend-tabelle\/\">Tabelle<\/a><\/li>\n<li id=\"menu-item-745\" class=\"menu-item menu-item-type-post_type menu-item-object-page menu-item-745\"><a href=\"https:\/\/ghb-hamburg.de\/handball\/?page_id=733\">Berichte<\/a><\/li>\n<\/ul><\/div><\/div><\/div><div id=\"pgc-734-0-1\"  class=\"panel-grid-cell\" ><div id=\"panel-734-0-1-0\" class=\"so-panel widget widget_sow-editor panel-first-child panel-last-child\" data-index=\"1\" ><div\n\t\t\t\n\t\t\tclass=\"so-widget-sow-editor so-widget-sow-editor-base\"\n\t\t\t\n\t\t>\n<div class=\"siteorigin-widget-tinymce textwidget\">\n\t<p><strong>Jahrgang<\/strong><\/p>\n<p>In der Saison 2025\/2026 besteht die E-Jugend aus den Jahrg\u00e4ngen 2015 und 2016.<\/p>\n<p><strong>Trainingszeiten<\/strong><\/p>\n<p><strong>Sommer<\/strong><\/p>\n<div>\n<table style=\"height: 64px\" width=\"816\">\n<tbody>\n<tr>\n<td width=\"16%\"><i class=\"fa fa-calendar\" aria-hidden=\"true\"><\/i> Dienstags<\/td>\n<td width=\"16%\"><i class=\"fa fa-clock-o\" aria-hidden=\"true\"><\/i> 17:00 - 18:30 Uhr<\/td>\n<td width=\"30%\"><i class=\"fa fa-map-marker\"><\/i> <a href=\"http:\/\/maps.google.de\/maps?q=53.532726,10.148275&amp;hl=de&amp;sll=53.532005,10.148792&amp;sspn=0.003246,0.006899&amp;num=1&amp;t=h&amp;vpsrc=0&amp;z=17\" target=\"_blank\" rel=\"noopener\">Halle M\u00fcmmelmannsberg<\/a><\/td>\n<\/tr>\n<tr>\n<td width=\"16%\"><i class=\"fa fa-calendar\" aria-hidden=\"true\"><\/i> Donnerstag<\/td>\n<td width=\"16%\"><i class=\"fa fa-clock-o\" aria-hidden=\"true\"><\/i> 17:00 - 18:30 Uhr<\/td>\n<td width=\"30%\"><i class=\"fa fa-map-marker\"><\/i> <a href=\"http:\/\/maps.google.de\/maps?q=53.532726,10.148275&amp;hl=de&amp;sll=53.532005,10.148792&amp;sspn=0.003246,0.006899&amp;num=1&amp;t=h&amp;vpsrc=0&amp;z=17\" target=\"_blank\" rel=\"noopener\">Halle M\u00fcmmelmannsberg<\/a><\/td>\n<\/tr>\n<\/tbody>\n<\/table>\n<p><strong>Winter<\/strong><\/p>\n<\/div>\n<table>\n<tbody>\n<tr>\n<td width=\"16%\"><i class=\"fa fa-calendar\" aria-hidden=\"true\"><\/i> Dienstags<\/td>\n<td width=\"16%\"><i class=\"fa fa-clock-o\" aria-hidden=\"true\"><\/i> 17:00 - 18:30 Uhr<\/td>\n<td width=\"30%\"><i class=\"fa fa-map-marker\"><\/i> <a href=\"https:\/\/www.google.com\/maps\/place\/53\u00b032'28.1%22N+10\u00b007'44.2%22E\/@53.541149,10.1276585,306m\/data=!3m2!1e3!4b1!4m4!3m3!8m2!3d53.541149!4d10.128946\" target=\"_blank\" rel=\"noopener\">Halle Tabulatorweg<\/a><\/td>\n<\/tr>\n<tr>\n<td width=\"16%\"><i class=\"fa fa-calendar\" aria-hidden=\"true\"><\/i> Donnerstag<\/td>\n<td width=\"16%\"><i class=\"fa fa-clock-o\" aria-hidden=\"true\"><\/i> 17:00 - 18:30 Uhr<\/td>\n<td width=\"30%\"><i class=\"fa fa-map-marker\" aria-hidden=\"true\"><\/i> <a href=\"http:\/\/maps.google.de\/maps?q=53.532726,10.148275&amp;hl=de&amp;sll=53.532005,10.148792&amp;sspn=0.003246,0.006899&amp;num=1&amp;t=h&amp;vpsrc=0&amp;z=17\" target=\"_blank\" rel=\"noopener\">Halle M\u00fcmmelmannsberg<\/a><\/td>\n<\/tr>\n<\/tbody>\n<\/table>\n<div>\n<p>&nbsp;<\/p>\n<p><strong>Ansprechpartner<\/strong><\/p>\n<table>\n<tbody>\n<tr>\n<td>Ren\u00e9 Dannenberg<\/td>\n<td>jugendwart@tv-billstedt.de<\/td>\n<td>0171 48 12 814<\/td>\n<\/tr>\n<\/tbody>\n<\/table>\n<p><strong>Trainer<\/strong><\/p>\n<ul>\n<li>Jenny<\/li>\n<li>Tine<\/li>\n<\/ul>\n<\/div>\n<\/div>\n<\/div><\/div><\/div><\/div><\/div>","protected":false},"excerpt":{"rendered":"<p>Jahrgang In der Saison 2025\/2026 besteht die E-Jugend aus den Jahrg\u00e4ngen 2015 und 2016. Trainingszeiten Sommer Dienstags 17:00 &#8211; 18:30 Uhr Halle M\u00fcmmelmannsberg Donnerstag 17:00 &#8211; 18:30 Uhr Halle M\u00fcmmelmannsberg Winter Dienstags 17:00 &#8211; 18:30 Uhr Halle Tabulatorweg Donnerstag 17:00<\/p>\n","protected":false},"author":1,"featured_media":0,"parent":0,"menu_order":0,"comment_status":"closed","ping_status":"closed","template":"","meta":{"_mc_calendar":[],"footnotes":""},"class_list":["post-734","page","type-page","status-publish","hentry"],"_links":{"self":[{"href":"https:\/\/ghb-hamburg.de\/handball\/wp-json\/wp\/v2\/pages\/734","targetHints":{"allow":["GET"]}}],"collection":[{"href":"https:\/\/ghb-hamburg.de\/handball\/wp-json\/wp\/v2\/pages"}],"about":[{"href":"https:\/\/ghb-hamburg.de\/handball\/wp-json\/wp\/v2\/types\/page"}],"author":[{"embeddable":true,"href":"https:\/\/ghb-hamburg.de\/handball\/wp-json\/wp\/v2\/users\/1"}],"replies":[{"embeddable":true,"href":"https:\/\/ghb-hamburg.de\/handball\/wp-json\/wp\/v2\/comments?post=734"}],"version-history":[{"count":39,"href":"https:\/\/ghb-hamburg.de\/handball\/wp-json\/wp\/v2\/pages\/734\/revisions"}],"predecessor-version":[{"id":3149,"href":"https:\/\/ghb-hamburg.de\/handball\/wp-json\/wp\/v2\/pages\/734\/revisions\/3149"}],"wp:attachment":[{"href":"https:\/\/ghb-hamburg.de\/handball\/wp-json\/wp\/v2\/media?parent=734"}],"curies":[{"name":"wp","href":"https:\/\/api.w.org\/{rel}","templated":true}]}}