{"id":46,"date":"2016-07-19T18:31:41","date_gmt":"2016-07-19T16:31:41","guid":{"rendered":"http:\/\/schwimmen.ghb-hamburg.de\/?page_id=46"},"modified":"2026-01-26T08:51:30","modified_gmt":"2026-01-26T07:51:30","slug":"kontakte","status":"publish","type":"page","link":"https:\/\/ghb-hamburg.de\/schwimmen\/kontakte\/","title":{"rendered":"Ihr Kontakt zu uns!"},"content":{"rendered":"<p>Bitte stellen Sie Ihre Anfrage \u00fcber dieses Kontaktformular. Telefonische Informationen erhalten Sie bei unserem Abteilungsleiter unter Tel.: 0152 29 478 070.<\/p>\n<p>Gezielte Fragen zu den Gruppen k\u00f6nnen Sie per Email an die Trainer richten. Die Email-Adressen finden Sie <a href=\"https:\/\/ghb-hamburg.de\/schwimmen\/trainer\/\">hier<\/a>.<\/p>\n<p>Fragen zur Mitgliedschaft beantwortet unsere <a href=\"https:\/\/ghb-hamburg.de\/impressum\/\">Gesch\u00e4ftsstelle<\/a>. Die H\u00f6he der Beitr\u00e4ge finden sie <a href=\"https:\/\/ghb-hamburg.de\/schwimmen\/beitraege\/\" target=\"_blank\" rel=\"noopener\">hier<\/a>.<\/p>\n<p>Wer bei uns mitmachen m\u00f6chte, ist herzlich willkommen. Damit wir uns um alle Teilnehmer richtig k\u00fcmmern k\u00f6nnen, gelten f\u00fcr die Neuaufnahme folgende Regeln:<\/p>\n<p style=\"padding-left: 40px\">Bis 12 Jahre erfolgt eine individuelle Absprache ( Vorerfahrungen ).<\/p>\n<ul>\n<li>Aktive mit Vorerfahrungen im Vereinsschwimmen unabh\u00e4ngig vom Alter: Vorschwimmen nach Absprache und sehr wahrscheinliche Aufnahme.<\/li>\n<\/ul>\n<p>Bitte sich einfach unter <a href=\"mailto:spraetzhh@t-online.de\">spraetzhh@t-online.de<\/a> melden. Wir machen dann ein Termin f\u00fcr ein Kennenlernen\/Vorschwimmen aus und finden f\u00fcr jeden die passende Gruppe. Voraussetzung: Spa\u00df am Schwimmen und das Bronzeabzeichen (Freischwimmer).<\/p>\n<p><strong><span style=\"color: #ff0000\">Wer noch keine Kenntnisse auf dem Niveau des Bronzeabzeichens hat, bitte f\u00fcr den n\u00e4chsten Start der Seepferdchen- oder Freischwimmergruppe bei unserer <a href=\"https:\/\/ghb-hamburg.de\/geschaeftsstelle\/\">Gesch\u00e4ftsstelle<\/a> anmelden, gerne auch bei<a href=\"mailto:info@ghb-hamburg.de\"> E-Mail<\/a>.<\/span><\/strong><\/p>\n<p>Stand Jan. 2026<\/p>\n\n<div class=\"wpcf7 no-js\" id=\"wpcf7-f76-o1\" lang=\"de-DE\" dir=\"ltr\" data-wpcf7-id=\"76\">\n<div class=\"screen-reader-response\"><p role=\"status\" aria-live=\"polite\" aria-atomic=\"true\"><\/p> <ul><\/ul><\/div>\n<form action=\"\/schwimmen\/wp-json\/wp\/v2\/pages\/46#wpcf7-f76-o1\" method=\"post\" class=\"wpcf7-form init\" aria-label=\"Kontaktformular\" novalidate=\"novalidate\" data-status=\"init\">\n<fieldset class=\"hidden-fields-container\"><input type=\"hidden\" name=\"_wpcf7\" value=\"76\" \/><input type=\"hidden\" name=\"_wpcf7_version\" value=\"6.1.1\" \/><input type=\"hidden\" name=\"_wpcf7_locale\" value=\"de_DE\" \/><input type=\"hidden\" name=\"_wpcf7_unit_tag\" value=\"wpcf7-f76-o1\" \/><input type=\"hidden\" name=\"_wpcf7_container_post\" value=\"0\" \/><input type=\"hidden\" name=\"_wpcf7_posted_data_hash\" value=\"\" \/>\n<\/fieldset>\n<p>Ihr Name (Pflichtfeld)\n<\/p>\n<p><span class=\"wpcf7-form-control-wrap\" data-name=\"your-name\"><input size=\"40\" maxlength=\"400\" class=\"wpcf7-form-control wpcf7-text wpcf7-validates-as-required\" aria-required=\"true\" aria-invalid=\"false\" value=\"\" type=\"text\" name=\"your-name\" \/><\/span>\n<\/p>\n<p>Ihre Telefonnummer\n<\/p>\n<p><span class=\"wpcf7-form-control-wrap\" data-name=\"your-telefon\"><input size=\"40\" maxlength=\"400\" class=\"wpcf7-form-control wpcf7-text\" aria-invalid=\"false\" value=\"\" type=\"text\" name=\"your-telefon\" \/><\/span>\n<\/p>\n<p>Ihre E-Mail-Adresse (Pflichtfeld)\n<\/p>\n<p><span class=\"wpcf7-form-control-wrap\" data-name=\"your-email\"><input size=\"40\" maxlength=\"400\" class=\"wpcf7-form-control wpcf7-email wpcf7-validates-as-required wpcf7-text wpcf7-validates-as-email\" aria-required=\"true\" aria-invalid=\"false\" value=\"\" type=\"email\" name=\"your-email\" \/><\/span>\n<\/p>\n<p>Betreff\n<\/p>\n<p><span class=\"wpcf7-form-control-wrap\" data-name=\"your-subject\"><input size=\"40\" maxlength=\"400\" class=\"wpcf7-form-control wpcf7-text\" aria-invalid=\"false\" value=\"\" type=\"text\" name=\"your-subject\" \/><\/span>\n<\/p>\n<p>Ihre Nachricht\n<\/p>\n<p><span class=\"wpcf7-form-control-wrap\" data-name=\"your-message\"><textarea cols=\"40\" rows=\"10\" maxlength=\"2000\" class=\"wpcf7-form-control wpcf7-textarea\" aria-invalid=\"false\" name=\"your-message\"><\/textarea><\/span>\n<\/p>\n<p><input class=\"wpcf7-form-control wpcf7-submit has-spinner\" type=\"submit\" value=\"Senden\" \/>\n<\/p><div class=\"wpcf7-response-output\" aria-hidden=\"true\"><\/div>\n<\/form>\n<\/div>\n\n","protected":false},"excerpt":{"rendered":"<p>Bitte stellen Sie Ihre Anfrage \u00fcber dieses Kontaktformular. Telefonische Informationen erhalten Sie bei unserem Abteilungsleiter unter Tel.: 0152 29 478 070. Gezielte Fragen zu den Gruppen k\u00f6nnen Sie per Email an die Trainer richten. Die Email-Adressen finden Sie hier. Fragen<\/p>\n","protected":false},"author":1,"featured_media":0,"parent":0,"menu_order":0,"comment_status":"closed","ping_status":"closed","template":"","meta":{"_mc_calendar":[],"footnotes":""},"class_list":["post-46","page","type-page","status-publish","hentry"],"_links":{"self":[{"href":"https:\/\/ghb-hamburg.de\/schwimmen\/wp-json\/wp\/v2\/pages\/46","targetHints":{"allow":["GET"]}}],"collection":[{"href":"https:\/\/ghb-hamburg.de\/schwimmen\/wp-json\/wp\/v2\/pages"}],"about":[{"href":"https:\/\/ghb-hamburg.de\/schwimmen\/wp-json\/wp\/v2\/types\/page"}],"author":[{"embeddable":true,"href":"https:\/\/ghb-hamburg.de\/schwimmen\/wp-json\/wp\/v2\/users\/1"}],"replies":[{"embeddable":true,"href":"https:\/\/ghb-hamburg.de\/schwimmen\/wp-json\/wp\/v2\/comments?post=46"}],"version-history":[{"count":26,"href":"https:\/\/ghb-hamburg.de\/schwimmen\/wp-json\/wp\/v2\/pages\/46\/revisions"}],"predecessor-version":[{"id":2144,"href":"https:\/\/ghb-hamburg.de\/schwimmen\/wp-json\/wp\/v2\/pages\/46\/revisions\/2144"}],"wp:attachment":[{"href":"https:\/\/ghb-hamburg.de\/schwimmen\/wp-json\/wp\/v2\/media?parent=46"}],"curies":[{"name":"wp","href":"https:\/\/api.w.org\/{rel}","templated":true}]}}