{"id":120,"date":"2016-11-17T19:36:04","date_gmt":"2016-11-17T18:36:04","guid":{"rendered":"http:\/\/ski.ghb-hamburg.de\/?page_id=120"},"modified":"2025-12-15T19:33:33","modified_gmt":"2025-12-15T18:33:33","slug":"das-team","status":"publish","type":"page","link":"https:\/\/ghb-hamburg.de\/skigymnastik\/","title":{"rendered":"Das Team"},"content":{"rendered":"<p><img decoding=\"async\" class=\"size-medium wp-image-254 alignleft\" src=\"http:\/\/ski.ghb-hamburg.de\/wp-content\/uploads\/sites\/5\/2017\/04\/DSC00146a-300x142.jpg\" alt=\"\" width=\"300\" height=\"142\" srcset=\"https:\/\/ghb-hamburg.de\/skigymnastik\/wp-content\/uploads\/sites\/5\/2017\/04\/DSC00146a-300x142.jpg 300w, https:\/\/ghb-hamburg.de\/skigymnastik\/wp-content\/uploads\/sites\/5\/2017\/04\/DSC00146a-768x362.jpg 768w, https:\/\/ghb-hamburg.de\/skigymnastik\/wp-content\/uploads\/sites\/5\/2017\/04\/DSC00146a-1024x483.jpg 1024w\" sizes=\"(max-width: 300px) 100vw, 300px\" \/><\/p>\n<p>Das F\u00fchrungsteam &#8211;\u00a0von links nach rechts:<\/p>\n<p>Jochen Dreyer &#8211; Abteilungsleiter<\/p>\n<p>Heike Wiedemann &#8211; Ansprechpartnerin NordicWalking<\/p>\n<p>Peter Eyler &#8211; stellvertretender Abteilungsleiter<\/p>\n<p>Karin Dreyer &#8211; Kassenwartin<\/p>\n<p>Wir freuen uns \u00fcber Anregungen, Vorschl\u00e4ge und Ideen &#8211; sind aber nat\u00fcrlich auch f\u00fcr Kritik offen.<\/p>\n<ul>\n<li>Wir bieten bewegungsaktiven und kommunikationsfreudigen Mitmenschen die M\u00f6glichkeit, in geselliger Runde etwas f\u00fcr die eigene Fitness zu tun.<\/li>\n<li>Wir machen ein Ganzjahresprogramm mit gezielter Gymnastik rund um den K\u00f6rper und die Seele.<\/li>\n<li>Wir unternehmen mehrt\u00e4gige Ausfahrten.<\/li>\n<li>Wir betreuen die Wasserstelle 17,5 km beim Hamburger Marathon.<\/li>\n<li>Wir besuchen Theater und Museen.<\/li>\n<li>Wir erkunden per Rad ausgefallene Wege.<\/li>\n<li>Wir wandern gerne.<\/li>\n<li>Wir sind mit NordicWalking aktiv.<\/li>\n<li>Wir feiern mit Spa\u00df an der Freude.<\/li>\n<\/ul>\n","protected":false},"excerpt":{"rendered":"<p>Das F\u00fchrungsteam &#8211;\u00a0von links nach rechts: Jochen Dreyer &#8211; Abteilungsleiter Heike Wiedemann &#8211; Ansprechpartnerin NordicWalking Peter Eyler &#8211; stellvertretender Abteilungsleiter Karin Dreyer &#8211; Kassenwartin Wir freuen uns \u00fcber Anregungen, Vorschl\u00e4ge und Ideen &#8211; sind aber nat\u00fcrlich auch f\u00fcr Kritik offen.<\/p>\n","protected":false},"author":1,"featured_media":0,"parent":0,"menu_order":0,"comment_status":"closed","ping_status":"closed","template":"","meta":{"_mc_calendar":[],"footnotes":""},"class_list":["post-120","page","type-page","status-publish","hentry"],"_links":{"self":[{"href":"https:\/\/ghb-hamburg.de\/skigymnastik\/wp-json\/wp\/v2\/pages\/120","targetHints":{"allow":["GET"]}}],"collection":[{"href":"https:\/\/ghb-hamburg.de\/skigymnastik\/wp-json\/wp\/v2\/pages"}],"about":[{"href":"https:\/\/ghb-hamburg.de\/skigymnastik\/wp-json\/wp\/v2\/types\/page"}],"author":[{"embeddable":true,"href":"https:\/\/ghb-hamburg.de\/skigymnastik\/wp-json\/wp\/v2\/users\/1"}],"replies":[{"embeddable":true,"href":"https:\/\/ghb-hamburg.de\/skigymnastik\/wp-json\/wp\/v2\/comments?post=120"}],"version-history":[{"count":13,"href":"https:\/\/ghb-hamburg.de\/skigymnastik\/wp-json\/wp\/v2\/pages\/120\/revisions"}],"predecessor-version":[{"id":2322,"href":"https:\/\/ghb-hamburg.de\/skigymnastik\/wp-json\/wp\/v2\/pages\/120\/revisions\/2322"}],"wp:attachment":[{"href":"https:\/\/ghb-hamburg.de\/skigymnastik\/wp-json\/wp\/v2\/media?parent=120"}],"curies":[{"name":"wp","href":"https:\/\/api.w.org\/{rel}","templated":true}]}}