{"id":190,"date":"2017-02-09T09:29:17","date_gmt":"2017-02-09T08:29:17","guid":{"rendered":"http:\/\/ski.ghb-hamburg.de\/?page_id=190"},"modified":"2023-02-01T21:27:52","modified_gmt":"2023-02-01T20:27:52","slug":"nordic-walking","status":"publish","type":"page","link":"https:\/\/ghb-hamburg.de\/skigymnastik\/nordic-walking\/","title":{"rendered":"Nordic Walking"},"content":{"rendered":"<p><strong><img decoding=\"async\" class=\"wp-image-298 alignright\" src=\"http:\/\/ski.ghb-hamburg.de\/wp-content\/uploads\/sites\/5\/2017\/02\/IMG_0496.jpg\" alt=\"\" width=\"74\" height=\"393\" \/>Heike Wiedemann<\/strong> ist die Ansprechpartnerin der Nordic Walker.<\/p>\n<h2>Unser Motto: Bewegung in frischer Luft<\/h2>\n<ul>\n<li style=\"text-align: left;\">\n<h3>Gemeinsam fit im sch\u00f6nen \u00d6jendorfer Park.<\/h3>\n<\/li>\n<li style=\"text-align: left;\">\n<h3>montags, mittwochs, freitags immer um 9.00 Uhr.<\/h3>\n<\/li>\n<li style=\"text-align: left;\">\n<h3>das ganze Jahr bei jedem Wetter.<\/h3>\n<\/li>\n<li>(au\u00dfer bei Unwettergefahr mit Blitz und Donner)<\/li>\n<\/ul>\n<p>Treffpunkt bleibt wie immer der Parkplatz am Sportpark \u00d6jendorf<\/p>\n<h4><\/h4>\n<h2><strong>Der Fr\u00fchling kommt mit flotten Nordic-Walking-Schritten<\/strong><strong>!<\/strong><\/h2>\n<hr \/>\n<h4>Aktuelles:<\/h4>\n<div class=\"su-posts su-posts-default-loop\">\r\r\n\t<h4>Keine Beitr\u00e4ge gefunden<\/h4>\r\n<\/div>\n","protected":false},"excerpt":{"rendered":"<p>Heike Wiedemann ist die Ansprechpartnerin der Nordic Walker. Unser Motto: Bewegung in frischer Luft Gemeinsam fit im sch\u00f6nen \u00d6jendorfer Park. montags, mittwochs, freitags immer um 9.00 Uhr. das ganze Jahr bei jedem Wetter. (au\u00dfer bei Unwettergefahr mit Blitz und Donner)<\/p>\n","protected":false},"author":1,"featured_media":0,"parent":0,"menu_order":0,"comment_status":"closed","ping_status":"closed","template":"","meta":{"_mc_calendar":[],"footnotes":""},"class_list":["post-190","page","type-page","status-publish","hentry"],"_links":{"self":[{"href":"https:\/\/ghb-hamburg.de\/skigymnastik\/wp-json\/wp\/v2\/pages\/190","targetHints":{"allow":["GET"]}}],"collection":[{"href":"https:\/\/ghb-hamburg.de\/skigymnastik\/wp-json\/wp\/v2\/pages"}],"about":[{"href":"https:\/\/ghb-hamburg.de\/skigymnastik\/wp-json\/wp\/v2\/types\/page"}],"author":[{"embeddable":true,"href":"https:\/\/ghb-hamburg.de\/skigymnastik\/wp-json\/wp\/v2\/users\/1"}],"replies":[{"embeddable":true,"href":"https:\/\/ghb-hamburg.de\/skigymnastik\/wp-json\/wp\/v2\/comments?post=190"}],"version-history":[{"count":43,"href":"https:\/\/ghb-hamburg.de\/skigymnastik\/wp-json\/wp\/v2\/pages\/190\/revisions"}],"predecessor-version":[{"id":1755,"href":"https:\/\/ghb-hamburg.de\/skigymnastik\/wp-json\/wp\/v2\/pages\/190\/revisions\/1755"}],"wp:attachment":[{"href":"https:\/\/ghb-hamburg.de\/skigymnastik\/wp-json\/wp\/v2\/media?parent=190"}],"curies":[{"name":"wp","href":"https:\/\/api.w.org\/{rel}","templated":true}]}}